1dd1
In base 12, what is 3 - 40?
-39
In base 16, what is -7 + f?
8
In base 6, what is -143 - 115?
-302
In base 6, what is -240 + -4?
-244
In base 7, what is -36 - -52?
13
In base 11, what is -16 - -3a4?
389
In base 7, what is 33 - 5?
25
In base 8, what is -140 + -12?
-152
In base 13, what is -4b + 3?
-48
In base 15, what is -e2 - 2?
-e4
In base 7, what is -122 + -10?
-132
In base 3, what is -12200 + 120?
-12010
In base 7, what is 241 - -23?
264
In base 5, what is 20 - 3234?
-3214
In base 8, what is 44 - -521?
565
In base 15, what is -2 + 6?
4
In base 6, what is -212 - 401?
-1013
In base 14, what is 4 + -18?
-14
In base 5, what is 10 + -131?
-121
In base 9, what is -41 - 32?
-73
In base 9, what is 3 - -4126?
4130
In base 13, what is -2 - -26b?
269
In base 3, what is 10102120021 + -11?
10102120010
In base 8, what is -2341 - -4?
-2335
In base 11, what is 552 + -4?
549
In base 15, what is 3 - -66?
69
In base 3, what is -10 - 120?
-200
In base 16, what is -11 + -10?
-21
In base 14, what is 7 - -4?
b
In base 9, what is 3481 + 4?
3485
In base 13, what is -14 - -3?
-11
In base 8, what is 12 + 1141?
1153
In base 7, what is 2 - -46?
51
In base 4, what is 3 - -3?
12
In base 8, what is 5 - 2432?
-2425
In base 3, what is 1122 + -110?
1012
In base 2, what is 10 - 1010110111111?
-1010110111101
In base 9, what is 174 - -2?
176
In base 15, what is -13 - 4d?
-61
In base 10, what is -4 + -3?
-7
In base 3, what is 201 + 1022002?
1022210
In base 7, what is -3 - -2?
-1
In base 13, what is 0 - -46?
46
In base 9, what is 208 + -4?
204
In base 5, what is -3 + -1001?
-1004
In base 2, what is -111 - -11110?
10111
In base 7, what is -1361 + -32?
-1423
In base 10, what is -24 + 0?
-24
In base 3, what is -1 - 101?
-102
In base 3, what is -21 + -10101221?
-10102012
In base 3, what is -2100 - 12?
-2112
In base 2, what is 10100011 + -100?
10011111
In base 13, what is -1b3 - 6?
-1b9
In base 5, what is 4 + 41?
100
In base 8, what is 72 + 0?
72
In base 13, what is -16 - 1c0?
-206
In base 10, what is 40 + 3?
43
In base 10, what is 1565 + -5?
1560
In base 9, what is 7283 + -1?
7282
In base 5, what is 432 + -1?
431
In base 16, what is -3b9 - -4?
-3b5
In base 16, what is -26 - a?
-30
In base 5, what is -232101 - 4?
-232110
In base 7, what is 343 - -3?
346
In base 10, what is -11 + 15?
4
In base 7, what is 2 - -1664?
1666
In base 6, what is 5 - -221?
230
In base 9, what is 1 - -108?
110
In base 9, what is 4 - 37?
-33
In base 7, what is 6 + 5?
14
In base 8, what is -6 + -545?
-553
In base 15, what is -2 - c47?
-c49
In base 7, what is 31 - 1?
30
In base 16, what is -1 + 1831?
1830
In base 2, what is 1 + -100110?
-100101
In base 3, what is -10 - -221221?
221211
In base 2, what is -11010010 - 10?
-11010100
In base 2, what is -100101110101010 + -11?
-100101110101101
In base 5, what is -1 + -11311?
-11312
In base 7, what is -11 + 30?
16
In base 6, what is 532 + 2?
534
In base 9, what is 34 - 12?
22
In base 16, what is -2 - 3?
-5
In base 2, what is -10000110 + 1110?
-1111000
In base 16, what is 1637 - -1?
1638
In base 10, what is 556 - -2?
558
In base 15, what is -27 + 5?
-22
In base 2, what is 100 + -1001101?
-1001001
In base 16, what is -3 - 10c?
-10f
In base 11, what is -3 + -39?
-41
In base 7, what is -3 + -2645?
-2651
In base 9, what is -1 - -545?
544
In base 4, what is -322 - 200?
-1122
In base 3, what is 12 - 2212?
-2200
In base 2, what is -10010 + 101?
-1101
In base 6, what is 5 + 44543?
44552
In base 9, what is -20158 - 3?
-20162
In base 14, what is 13 + -a?
7
In base 16, what is -1a62 + -4?
-1a66
In base 2, what is -1011 + 10011011?
10010000
In base 13, what is 1 - b?
-a
In base 12, what is 5 + 85?
8a
In base 3, what is 20210 - -211?
21121
In base 9, what is -501 - 1?
-502
In base 16, what is 10c + -4?
108
In base 2, what is 10 + 1000101110000?
1000101110010
In base 4, what is 1312 - 223?
1023
In base 8, what is 10 - 176?
-166
In base 8, what is 35 + -133?
-76
In base 4, what is 31211202 + -2?
31211200
In base 11, what is -4 - 387?
-390
In base 3, what is -201 + -202021?
-202222
In base 7, what is 0 - -56?
56
In base 2, what is 11 + -10100010?
-10011111
In base 12, what is -17 + 1?
-16
In base 9, what is -5 + -447?
-453
In base 12, what is 93 - 29?
66
In base 13, what is 5 - -812?
817
In base 2, what is -110000011 + -101?
-110001000
In base 8, what is -1336 - -3?
-1333
In base 3, what is -110222 - 2101?
-120100
In base 6, what is -243 + -21?
-304
In base 5, what is 1002 - -3?
1010
In base 15, what is 709 + 4?
70d
In base 16, what is -1 + b5f?
b5e
In base 11, what is -192 + -52?
-234
In base 7, what is 230 - 63?
134
In base 2, what is 11110000 - -100111?
100010111
In base 7, what is -3546 - 2?
-3551
In base 16, what is 1 - -2b?
2c
In base 11, what is 1 + -1a?
-19
In base 11, what is -166 + -5?
-170
In base 10, what is 280 + 16?
296
In base 4, what is 31310 - 12?
31232
In base 5, what is -3 + 32?
24
In base 3, what is -12 + 2002?
1220
In base 2, what is 100 + 1010100?
1011000
In base 16, what is 5 - 93?
-8e
In base 3, what is 10 - 102?
-22
In base 14, what is -2 + 364?
362
In base 3, what is -1021 + 21110?
20012
In base 5, what is 3342 - -10?
3402
In base 2, what is 0 + -101?
-101
In base 5, what is 14 - -1244?
1313
In base 4, what is 10 - 11302?
-11232
In base 4, what is 1010100 - 11?
1010023
In base 13, what is 0 - 6?
-6
In base 15, what is -2d - a?
-38
In base 15, what is -2 - -6?
4
In base 3, what is 102122 + -20?
102102
In base 7, what is -510 + -14?
-524
In base 9, what is 4811 - -5?
4816
In base 6, what is 2335 - 31?
2304
In base 2, what is -100 - -1101110?
1101010
In base 15, what is -4 - 558?
-55c
In base 14, what is -252 - -3?
-24d
In base 12, what is -1 + -29?
-2a
In base 13, what is -19 - -2?
-17
In base 6, what is 231 - 14?
213
In base 15, what is 22 + d?
30
In base 10, what is 7 - 1713?
-1706
In base 3, what is 212 - -2120?
10102
In base 14, what is -12 + -3?
-15
In base 13, what is -8 - 340?
-348
In base 10, what is 1 - 50?
-49
In base 3, what is 1 - 1001100?
-1001022
In base 5, what is 340423 - 4?
340414
In base 14, what is -42 - 1?
-43
In base 3, what is 2200200 + -11?
2200112
In base 4, what is -33011 - 10?
-33021
In base 7, what is -3 + 110?
104
In base 7, what is -15 - -13?
-2
In base 14, what is 47 + 93?
da
In base 2, what is 10100101011011 - 11?
10100101011000
In base 4, what is -3 + 233?
230
In base 3, what is -11 - -221110?
221022
In base 9, what is -105 + -273?
-378
In base 10, what is 467 + -33?
434
In base 9, what is -2 + 26?
24
In base 12, what is 4 + 158?
160
In base 10, what is -101 + 0?
-101
In base 12, what is 5 + 1?
6
In base 10, what is -5 + 48?
43
In base 12, what is 5 - a?
-5
In base 4, what is 3 + 11?
20
In base 2, what is -111101111 + -110?
-111110101
In base 9, what is 131 + 5?
136
In base 2, what is -100100 + 10110110?
10010010
In base 11, what is -2 + -8?
-a
In base 2, what is 100 - -110101100?
110110000
In base 9, what is -1 - 10130?
-10131
In base 15, what is -4 + 5?
1
In base 14, what is -3 + -a4c?
-a51
In base 6, what is 5 - 155?
-150
In base 13, what is 8a - -48?
105
In base 14, what is 17c - -3?
181
In base 15, what is 1 + -7?
-6
In base 14, what is 18 - 31?
-17
In base 10, what is -7213 + 1?
-7212
In base 8, what is 1 - -4574?
4575
In base 8, what is 0 - -425?
425
In base 13, what is -97c + -3?
-982
In base 13, what is -6 + -29?
-32
In base 9, what is 0 + -157?
-157
In base 11, what is -12 + -a5?
-107
In base 6, what is 15 + -135?
-120
In base 16, what is 4 - a?
-6
In base 6, what is -3 - 133?
-140
In base 12, what is b4 + -9?
a7
In base 11, what is -110 - 7?
-117
In base 12, what is 5a + 64?
102
In base 2, what is 11 + -10110?
-10011
In base 12, what is -11 - 33?
-44
In base 14, what is -22 - 7?
-29
In base 11, what is 0 - -12?
12
In base 13, what is 2 - 247?
-245
In base 6, what is -1 + 0?
-1
In base 8, what is 3 + 21125?
21130
In base 11, what is 3574 + 2?
3576
In base 15, what is -5 + 1c?
17
In base 8, what is -162 - -3?
-157
In base 5, what is -1 - 12?
-13
In base 12, what is 975 - a?
967
In base 16, what is -11 - -2?
-f
In base 12, what is 39 - -33?
70
In base 2, what is 101101000 + -110011?
100110101
In base 5, what is -2 + 344?
342
In base 5, what is -10 - 1110?
-1120
In base 13, what is -17 + 1b?
4
In base 5, what is 3 - 